 + 4*f. Determine z(4).
7
Suppose -2*h - 5*i = 26, 32 = -5*h + i + 3*i. Let j = h + 4. Let z(r) = 0*r**3 - 5*r - r**3 + r - 5*r**2 + 1. Calculate z(j).
1
Let d(c) be the first derivative of -c**2/2 + 3*c - 9. Determine d(7).
-4
Let y be (5/4)/(3/(-12)). Let r(v) = 4*v + 3*v**2 - 5 - 2*v**2 - 1. Give r(y).
-1
Let x(d) be the second derivative of -d**3/6 - 3*d**2/2 - 49*d. Let k = -6 + 12. Let s = k - 11. Give x(s).
2
Let m(c) = -3*c - 4 + c**2 - 1 - 3*c**3 - c. Let i(b) = 7*b**3 - 2*b**2 + 7*b + 9. Let t(v) = -6*i(v) - 11*m(v). Calculate t(-1).
9
Let c be (1/2)/((-1)/14). Let q(m) be the third derivative of -2/15*m**5 + 5/6*m**3 + 0*m - 1/4*m**4 - 1/120*m**6 + 6*m**2 + 0. What is q(c)?
-2
Let z(r) = 3*r**2 + 1 - r**2 - 2*r + 4*r - 5*r**3 + 8*r**3. Suppose -3 = 4*k - k. Let u be z(k). Let h(v) = -v**3 - 2*v**2 - 2*v - 1. What is h(u)?
3
Let a(y) = -y - 20. Let u be a(-14). Let d(m) = 8 - 2*m + 2*m + m. Calculate d(u).
2
Suppose 2*q + 45 = -q. Let s = -9 - q. Let a(i) = -i. Give a(s).
-6
Let w(k) = -k**3 + 3*k**2 - k + 1. Let u = -32 + 18. Let l be u/(-5) - (-4)/20. What is w(l)?
-2
Let c(f) = -f**2 - 6*f - 1. Let d be c(-5). Let r = -5 + 8. Let h(y) = y - 2*y**3 + 3*y**r - 3 + d - 5*y**2. Determine h(5).
6
Let a(b) = b - 7. Suppose 4*v = y - 5 - 2, 0 = 4*y + 4*v - 28. Determine a(y).
0
Suppose -4*f = -9*f + 35. Let r(j) = -j**3 + j**2 + j - 1. Let o(p) = -7*p**3 + 12*p**2 + 12*p - 3. Let v(u) = -o(u) + 6*r(u). What is v(f)?
4
Suppose 4*y - y + 9 = 0. Suppose -4 = -2*x, 3*b + 0*x - 12 = -3*x. Let q(s) = 4*s + 3*s - 5*s + b - s. What is q(y)?
-1
Suppose 2*n - 14 = 4*n. Let w = n - -4. Let d(v) = -v**2 - 4*v - 4. Give d(w).
-1
Let o be (1*-1)/((-16)/16). Let i(s) = 4*s**2 + 2*s - 1. Determine i(o).
5
Let s(a) be the first derivative of a**3/3 - 9*a**2/2 + 4*a - 3. Give s(9).
4
Let m(o) = -o**2 + 4*o + 7. Suppose 0 = -j + 1 + 1. Suppose -100 = -j*v - 3*v. Suppose 0*u + 4*u - v = 0. Give m(u).
2
Let q(p) = -p**2 + 3. Suppose -t + 2 = -0*t. Suppose 8 = -5*b - t. Let h = b + 5. Calculate q(h).
-6
Let p(g) = g**2 + 3. Let h(l) = 12 + 7*l**2 - l**2 - l**2. Let r(i) = 2*h(i) - 9*p(i). Determine r(3).
6
Let g(j) = -2*j + 2. Let r(f) = -f**2 - 5*f + 4. Let n be r(-5). Suppose -2*c - 2 = -n. Let d be c - 2 - -2 - -4. Give g(d).
-8
Let f(q) = q + 4. Let s be 0/((-5)/(15/(-6))). Let x be 1/(2/(-6) + s). Let y be f(x). Let j(h) = -7*h**2 + h. What is j(y)?
-6
Let b = -13 + 18. Let n(o) = b*o**2 + 0*o - 2*o**2 - o + 1. Let v(a) = a**3 - a + 7. Let h be v(-2). Calculate n(h).
3
Let j(k) = 7*k. Suppose 3*v - w + 7 = 5*v, -v - 2*w + 11 = 0. Give j(v).
7
Let u = 3 + -7. Let i(c) = -4*c - 3. Determine i(u).
13
Let z(g) = 7*g**3 - g**2. Let b(a) = -a**3 + 5*a**2 + 9*a - 19. Let k be b(6). Determine z(k).
-8
Let i(d) = -d**3 + 5*d**2 + 3*d - 2. Suppose -c + 37 - 12 = 0. Suppose y = -4*y + c. Calculate i(y).
13
Let a(j) be the first derivative of j**3/3 - j**2/2 + 4*j + 3. Let r(s) be the first derivative of a(s). What is r(3)?
5
Let b(x) = x - 7. Suppose 10*i - 143 = -3*i. Give b(i).
4
Let o be (-30)/9 - 18/27. Let s(k) = -k**3 - 3*k**2 + 7*k + 5. Give s(o).
-7
Let t(q) = -4*q**2 - 4*q + 0*q**2 + 2 + q**3 + 0. Suppose a + 5 - 10 = 0. Determine t(a).
7
Suppose -4*t + t - 18 = 0. Let p(d) = 5*d**2 + d**3 + 13*d + 0*d**3 - 17*d + 8 + 0*d**3. What is p(t)?
-4
Let s = -16 + 14. Let l(g) = -13*g + 3. Let d(m) = -7*m + 2. Let i(w) = 11*d(w) - 6*l(w). What is i(s)?
2
Suppose 0 = -x + 1 + 2. Let s(f) = 2 - x + 2*f + 6 - 4. Suppose d - 5*d = 12. Give s(d).
-5
Let i(g) = g**2 + 8*g + 6. Let n be (12 - 2)/(-2) - 10/10. Calculate i(n).
-6
Let n(p) be the third derivative of p**9/60480 - p**8/2880 + p**7/840 - p**6/720 + p**5/30 - 2*p**2. Let g(t) be the third derivative of n(t). Give g(6).
-1
Let l(b) = b**3 - 15*b**2 + 14*b. Let j be l(14). Let i(w) = -5*w - 6. Let z(k) = 4*k + 6. Let s(m) = 3*i(m) + 4*z(m). What is s(j)?
6
Let o(u) = -u - 1. Let c(a) = 2. Let w(z) = 6*c(z) + 7*o(z). Let y = -29 + 18. Let m(r) = 13*r - 9. Let g(j) = y*w(j) - 6*m(j). Calculate g(-2).
1
Suppose 5 = 5*t - 5. Let z be 0/1 + t + -1. Let g(x) = -9*x. Calculate g(z).
-9
Let h(u) = -u**3 + 4*u**2 - u + 3. Let z be ((-3)/(-9))/((-4)/(-24)). Let w(x) = 2*x**3 - 3*x**2 + x - 2. Let f be w(z). What is h(f)?
-1
Suppose 3*x - 6 = 6*x. Let o(y) be the first derivative of y**3/3 + y**2 + y - 7. Calculate o(x).
1
Let x(h) = -5*h + 3. Let c(m) = 2*m - 1. Let w(b) = -7*c(b) - 3*x(b). Calculate w(6).
4
Let v(u) = -2*u - 1. Suppose 3*o - 14 = h, 9 = h + 2*o - 2. What is v(h)?
-3
Suppose 15*c + 15 = 10*c. Let l(v) = -v**2 + 3. Calculate l(c).
-6
Let h(f) = -9*f**2 - f + 1. Let d = 20 + -17. Suppose -j + d = 2*j. Give h(j).
-9
Let j(y) = y**2 + 2. Let v(x) = -x**2 - 9*x + 10. Let f be v(-10). Suppose 0 = 4*d, 3*l + f*d = -5*d - 9. What is j(l)?
11
Let g be (4 + -3)*(2 + 1). Suppose g*j + 8 = s - 3, 4*s - 2*j = -6. Let f(m) be the third derivative of -m**4/24 - 2*m**3/3 + 13*m**2. Determine f(s).
0
Let k(n) = -n**3 + 2*n**2 + n. Let l be (5 - 3 - -1)*1. Suppose 4*z - o + l*o + 12 = 0, -2*z - 22 = 5*o. Calculate k(z).
2
Let d(f) = f**2 + 3 - f**3 - 2 + 0 + 2*f + f**2. Let b be d(2). Let a(n) = -n - b + 5. Determine a(3).
-3
Let y be (15/10)/((-1)/(-2)). Suppose 4*h - 2*t = 3*t + 5, 2*h = -y*t - 25. Let b(l) = 6 + 2*l + 0*l - 1. Determine b(h).
-5
Let i(w) = w**2 - w - 2. Suppose -4 - 33 = 3*k + 5*f, 0 = 2*k + 3*f + 24. Let c = -6 - k. What is i(c)?
4
Let w(z) = -z**2 - 9*z - 5. Let p be w(-8). Let y(o) = -4*o**3 - 4 + 44*o + 3*o**p + 2*o**3 - 39*o + 6*o**2. Determine y(-5).
-4
Let u(i) = 2*i + 10. Let x(q) = -q - 8. Let w(f) = -2*u(f) - 3*x(f). Suppose 2*l + 2 = 8. What is w(l)?
1
Let j be 1/(-2 + 1 + 0). Let c = -1 - -2. Let u be (c*j)/(3/9). Let o(s) = -s**2 - 3*s + 3. Give o(u).
3
Let p(v) = -v - 1. Let w(q) = -q - 1. Let b(m) = 5*p(m) - 6*w(m). Suppose 0 = 4*i - 2*k - 15 + 1, -4*i = -3*k - 19. Give b(i).
2
Let q(o) = o - 4. Let c(d) = -d**2 + 8*d + 3. Let i be c(8). Suppose 0 = i*y + y. Give q(y).
-4
Suppose 0 = m - 2*a - 4 - 8, -4*m - 3*a + 4 = 0. Let h = 9 - m. Suppose -h*n = 2*w + 7 + 2, -n + 1 = -w. Let d(b) = 2*b - 1. Calculate d(n).
-3
Suppose 2*o = o - 3. Let u(s) = s + 3. Calculate u(o).
0
Let u(x) be the second derivative of x**8/6720 - x**7/840 + x**6/360 - x**5/60 + x**4/3 - 2*x. Let t(j) be the third derivative of u(j). Calculate t(2).
-2
Let l(r) = 1 - 2 + r + 0 + r. Let b(k) = -2*k**3 + 2*k**2 - k. Let v be b(1). Give l(v).
-3
Let i be 3*7/(21/(-4)). Let x be 42/12 + (-6)/i. Let o(k) = 6 - 3*k + 2*k + 0*k. What is o(x)?
1
Let x(u) = -4*u**2 + 2*u + 2. Let b be x(-2). Let k = -13 - b. Suppose n + k*i + 30 = 2, -4*i = -n + 17. Let h(w) = -w + 1. What is h(n)?
4
Suppose r + 0 - 3 = 0. Suppose 4 - 17 = -3*f - 4*y, r*f - y = -7. Let o(b) = -b + b**2 + 2 - 3 + 0*b - 2*b**2. What is o(f)?
-1
Let z(j) = 6 - 1 + j - 21*j**2 + 24*j**2 - j**3. Suppose 0 = -2*u, -8 = -3*s + 4*u + 4. What is z(s)?
-7
Let d(b) = b - 8. Let v(r) = r**2 + 9*r - 44. Let p be v(-13). Give d(p).
0
Let s(i) = -i**2 - 2*i. Let t(l) = l - 9. Let b(z) be the first derivative of -z**2 + 19*z + 2. Let k(a) = -6*b(a) - 13*t(a). Let o be k(4). Determine s(o).
1
Let u(y) = 2*y**2 + y + 1. Let x be (-38)/5 + 2/(-5). Let d = x - -11. Let b = -5 + d. Calculate u(b).
7
Let j(i) be the third derivative of 1/24*i**4 + 1/60*i**5 + 0 + 2*i**2 - 5/6*i**3 + 0*i. Determine j(0).
-5
Let f(i) = -i**2 - 6*i - 7. Suppose -4*w = -3*w - 9. Let v = w + -18. Let l = 4 + v. Give f(l).
-2
Let f(m) be the second derivative of m**5/10 - m**4/12 + m**3/6 - m**2/2 - 5*m. What is f(1)?
1
Let m(t) be the first derivative of -4*t - 2 + 1/3*t**3 + 2*t**2. Let j be m(-5). Let q(a) = -3*a - 1. What is q(j)?
-4
Let b(o) = 3*o**2 - o**2 - 3*o**2 - 6*o. Determine b(-5).
5
Let u(k) be the third derivative of k**4/24 + 11*k**3/6 + 4*k**2. Let o be u(-10). Let m(c) = 3*c**3 + c. What is m(o)?
4
Suppose -3 = -4*z + 5. Let s be (2 - (z + -1))*2. Let n(q) = 6 - q - q**s - 3 + 2*q**2. What is n(0)?
3
Let v(p) = 4*p**3 + 7*p**2 - 3*p - 3. Suppose -2*i - 6 = -0*i. Let a(z) = -7*z**3 - 13*z**2 + 5*z + 5. Let n(l) = i*a(l) - 5*v(l). What is n(-4)?
0
Let n(p) = p**2 + 6*p + 2. Let a(i) = -i**2 + 6*i. Let j be a(5). Let f be ((-42)/35)/(2/j). Determine n(f).
-7
Let c(m) = -m**2. Let j(f) b